base 5, what is 2444010 + 2200?
3001210
In base 11, what is 3 - 4963225?
-4963222
In base 8, what is 34233 - -5740?
42173
In base 9, what is -506607 - -161?
-506436
In base 12, what is 26a17846 + -2?
26a17844
In base 14, what is 1340 + 260?
15a0
In base 4, what is 1 - -11213021223?
11213021230
In base 14, what is 2 + 9c925d9?
9c925db
In base 11, what is -37810 + 2a55?
-34866
In base 5, what is 13331214 - 13412?
13312302
In base 8, what is 27375560 - -6?
27375566
In base 4, what is 1203 - -1201001331?
1201003200
In base 14, what is 165a65 - -2c?
165a93
In base 5, what is -302243112414 - -3?
-302243112411
In base 4, what is 2 - -122323031330?
122323031332
In base 13, what is -142b2 - -53?
-1425c
In base 13, what is -5 + 65aa82?
65aa7a
In base 16, what is 253546 - 5?
253541
In base 14, what is -5201 - -97?
-5148
In base 3, what is 2100220 + 200022021?
202200011
In base 8, what is 62160377 + -5?
62160372
In base 6, what is -235152 - 5551?
-245143
In base 5, what is 1020221 - 2334?
1012332
In base 14, what is 61475 - 20?
61455
In base 3, what is -10201 + 201221211102?
201221200201
In base 12, what is 25b0 + 6b8?
30a8
In base 7, what is -1 - -141140440?
141140436
In base 6, what is -1554055 - 523?
-1555022
In base 9, what is -148525 + -871?
-150506
In base 16, what is 11 + 185eb?
185fc
In base 16, what is 4 + -36529c3?
-36529bf
In base 11, what is -1 - -216328?
216327
In base 10, what is -681 + 14566?
13885
In base 15, what is -154b0 - -1a7?
-15308
In base 9, what is 130738 + 17684?
148533
In base 7, what is 3 + 20443030?
20443033
In base 14, what is -17380 - 586?
-17926
In base 9, what is 3 - -28886365?
28886368
In base 15, what is d1 + 1623e3?
1624c4
In base 2, what is 1010 - 1110001001000100111101101?
-1110001001000100111100011
In base 15, what is -20 + -50b97?
-50bb7
In base 15, what is -1d2 + 1d45?
1b63
In base 11, what is -12 + 960215?
960203
In base 3, what is 202 + -112021000220211?
-112021000220002
In base 9, what is 26 + 27540?
27566
In base 7, what is 3 + 5441230626?
5441230632
In base 16, what is -2b58a - 173?
-2b6fd
In base 16, what is -24 - 24b4d?
-24b71
In base 9, what is -51 + 3261258?
3261207
In base 8, what is 21 - -2055235?
2055256
In base 10, what is -209 + -2606?
-2815
In base 15, what is -10e4 - 7224?
-8318
In base 16, what is 94 - bcb?
-b37
In base 12, what is -1 - 19108625?
-19108626
In base 13, what is 297b95 + -1c5?
2979a0
In base 3, what is -21021210021101201210 - 0?
-21021210021101201210
In base 8, what is 0 + 2062120332?
2062120332
In base 4, what is 21311010102 + -303?
21311003133
In base 3, what is -1210200 - 10110001?
-12020201
In base 9, what is 743234 - -31?
743265
In base 6, what is 15025032 - -2?
15025034
In base 10, what is -9 - 57665943?
-57665952
In base 3, what is 12122 - -2000001200?
2000021022
In base 13, what is c - -c991278?
c991287
In base 10, what is 0 - 1095848?
-1095848
In base 9, what is -501651853 - -4?
-501651848
In base 6, what is 2151 - -323141?
325332
In base 3, what is 121200120110 - 1011?
121200112022
In base 12, what is -1338905a - 11?
-1338906b
In base 11, what is -879 + -1280?
-2049
In base 15, what is -58c + -3c80?
-431c
In base 2, what is -1101010001000010110011 - -1?
-1101010001000010110010
In base 4, what is -2031301103113 - 10?
-2031301103123
In base 15, what is 3 + 1ee0e2?
1ee0e5
In base 3, what is 21220022202 + -201000?
21212121202
In base 8, what is 4 + -30520456?
-30520452
In base 11, what is 140a2786 + 4?
140a278a
In base 4, what is 3 + 10002313010?
10002313013
In base 10, what is -5026322 + -9?
-5026331
In base 7, what is -143661 + -4521?
-151512
In base 8, what is -275015 + -10362?
-305377
In base 12, what is -5 + -481231?
-481236
In base 5, what is -113032111 - 41?
-113032202
In base 2, what is -10100111011010100011111001 - -100?
-10100111011010100011110101
In base 7, what is -3356216 + -10?
-3356226
In base 10, what is 59995 + 53?
60048
In base 6, what is -1402 - -112031?
110225
In base 10, what is 1840182 + 4?
1840186
In base 8, what is 2337050 + 5?
2337055
In base 10, what is -4 - 13041808?
-13041812
In base 15, what is 125858 + c?
125865
In base 4, what is 1130 + 10310101003?
10310102133
In base 6, what is -201151405 - -3?
-201151402
In base 9, what is -3417632 - 48?
-3417681
In base 10, what is 5757 - -1626?
7383
In base 12, what is -100b12b - -10?
-100b11b
In base 12, what is -24779 - 21?
-2479a
In base 13, what is -40 + 2013437?
20133c7
In base 2, what is -11110 - 1001111000011010111?
-1001111000011110101
In base 6, what is 45051044 - 125?
45050515
In base 5, what is -1 - -13312411204?
13312411203
In base 5, what is -34331304 - 20?
-34331324
In base 3, what is -12201101102 + 20011?
-12201011021
In base 15, what is 4 + b0dde8c?
b0dde91
In base 14, what is -8cd89 - 43?
-8cdcc
In base 5, what is 104321 - 2212400?
-2103024
In base 8, what is 643 - -4526005?
4526650
In base 4, what is -13320 + -2333130?
-3013110
In base 3, what is -20 - -111122012020122102?
111122012020122012
In base 2, what is -1000010101 + -1011011111100010010?
-1011100000100100111
In base 10, what is 25 + 13090?
13115
In base 3, what is 22011200 + -1111012?
20200111
In base 10, what is 130151437 + 4?
130151441
In base 2, what is -1001 - 10100000111101011000101000?
-10100000111101011000110001
In base 3, what is -2 + 10211111000110?
10211111000101
In base 7, what is 65345116 - -55?
65345204
In base 11, what is -6 + 1675a589?
1675a583
In base 6, what is -111255005 - -1112?
-111253453
In base 11, what is -22510000 + -5?
-22510005
In base 10, what is -1 + -4186353?
-4186354
In base 7, what is 242666 - 13355?
226311
In base 9, what is -14267 - -6152?
-7115
In base 4, what is 0 - 12033033220030?
-12033033220030
In base 3, what is -1212221211 - 122112022?
-2112111010
In base 14, what is 88538 - 20a?
8832c
In base 7, what is -10040130 - 60?
-10040220
In base 8, what is -427745345 - 2?
-427745347
In base 9, what is -854 + -32006?
-32861
In base 16, what is 433 + 1eb9?
22ec
In base 10, what is 26 + -6289?
-6263
In base 9, what is -786 - 125615?
-126512
In base 6, what is 104245425 + 13?
104245442
In base 10, what is -5065968 + -9?
-5065977
In base 6, what is 155245213 - 245?
155244524
In base 2, what is -11101111111011011110000 - -101?
-11101111111011011101011
In base 16, what is 8d - 110b7c?
-110aef
In base 14, what is -8 - 24707?
-24711
In base 15, what is -3c5a + 7024?
32b9
In base 6, what is 1130023502 - 0?
1130023502
In base 6, what is 10131 + 252?
10423
In base 10, what is 26348550 - -3?
26348553
In base 12, what is 27 - -52057a3?
520580a
In base 14, what is 1 - 1084ab5?
-1084ab4
In base 2, what is 110111010000011110010 - 1100?
110111010000011100110
In base 14, what is 1396 + -10046?
-ca90
In base 2, what is -10001101001 - -1101111100100000111?
1101111010010011110
In base 10, what is 5 + 126672828?
126672833
In base 9, what is 1472278 + -83?
1472185
In base 15, what is -14791 - -289?
-14507
In base 9, what is 168005002 - 5?
168004886
In base 5, what is -2 + -4323213340?
-4323213342
In base 10, what is -2 - 19099?
-19101
In base 2, what is -100000111 + -10001001110100010101?
-10001001111000011100
In base 2, what is -1110001100 + -101011000100?
-111001010000
In base 6, what is -20130 + 3144154?
3124024
In base 11, what is 5643434 - 0?
5643434
In base 3, what is -111101112120 + 1012?
-111101111101
In base 2, what is -11001111101111000101110011111 + -1?
-11001111101111000101110100000
In base 9, what is 60 + -17055350?
-17055280
In base 13, what is 22c273 + 5?
22c278
In base 9, what is 113 - -20105?
20218
In base 6, what is -414005 - 41422?
-455431
In base 7, what is 13210124 - -246?
13210403
In base 16, what is 1d - -8ab963?
8ab980
In base 6, what is -535541 - -3312?
-532225
In base 3, what is -2122012 + -10222121212?
-11002021001
In base 2, what is -100 - -11010110110001000101100110?
11010110110001000101100010
In base 12, what is 34 - 77905?
-77891
In base 13, what is -b1471c2 + -3?
-b1471c5
In base 14, what is 2 + 18b948a?
18b948c
In base 9, what is 166828 + 157?
167086
In base 10, what is -3663 + 1531?
-2132
In base 11, what is 20 + -45a274?
-45a254
In base 10, what is 100 + -93655?
-93555
In base 15, what is 12715d + -4?
127159
In base 11, what is -3 + -13182591?
-13182594
In base 11, what is -4 - -48925a9?